{"id":75,"date":"2017-03-17T14:51:14","date_gmt":"2017-03-17T14:51:14","guid":{"rendered":"http:\/\/zirkus-paedagogin.de\/?page_id=75"},"modified":"2017-03-30T11:34:06","modified_gmt":"2017-03-30T11:34:06","slug":"konzept","status":"publish","type":"page","link":"https:\/\/www.zirkus-paedagogin.de\/?page_id=75","title":{"rendered":"Konzept"},"content":{"rendered":"<p>[et_pb_section bb_built=&#8220;1&#8243; admin_label=&#8220;section&#8220; transparent_background=&#8220;off&#8220; background_color=&#8220;#72b33c&#8220; allow_player_pause=&#8220;off&#8220; inner_shadow=&#8220;off&#8220; parallax=&#8220;off&#8220; parallax_method=&#8220;on&#8220; make_fullwidth=&#8220;off&#8220; use_custom_width=&#8220;off&#8220; width_unit=&#8220;on&#8220; make_equal=&#8220;off&#8220; use_custom_gutter=&#8220;off&#8220; custom_padding=&#8220;15px||15px|&#8220;][et_pb_row admin_label=&#8220;row&#8220; make_fullwidth=&#8220;off&#8220; use_custom_width=&#8220;off&#8220; width_unit=&#8220;on&#8220; use_custom_gutter=&#8220;off&#8220; custom_padding=&#8220;0px||0px|&#8220; allow_player_pause=&#8220;off&#8220; parallax=&#8220;off&#8220; parallax_method=&#8220;on&#8220; make_equal=&#8220;off&#8220; parallax_1=&#8220;off&#8220; parallax_method_1=&#8220;off&#8220;][et_pb_column type=&#8220;4_4&#8243;][et_pb_text admin_label=&#8220;Konzept&#8220; background_layout=&#8220;dark&#8220; text_orientation=&#8220;center&#8220; text_font_size=&#8220;26&#8243; use_border_color=&#8220;off&#8220; border_color=&#8220;#ffffff&#8220; border_style=&#8220;solid&#8220;]<\/p>\n<p><strong>Konzept<\/strong><\/p>\n<p>[\/et_pb_text][\/et_pb_column][\/et_pb_row][\/et_pb_section][et_pb_section bb_built=&#8220;1&#8243; admin_label=&#8220;Sektion&#8220; fullwidth=&#8220;off&#8220; specialty=&#8220;off&#8220; transparent_background=&#8220;off&#8220; allow_player_pause=&#8220;off&#8220; inner_shadow=&#8220;off&#8220; parallax=&#8220;off&#8220; parallax_method=&#8220;on&#8220; custom_padding=&#8220;||0px|&#8220; make_fullwidth=&#8220;off&#8220; use_custom_width=&#8220;off&#8220; width_unit=&#8220;on&#8220; make_equal=&#8220;off&#8220; use_custom_gutter=&#8220;off&#8220;][et_pb_row admin_label=&#8220;Zeile&#8220;][et_pb_column type=&#8220;4_4&#8243;][et_pb_text admin_label=&#8220;Zirkuskunst und P\u00e4dagogik&#8220; background_layout=&#8220;light&#8220; text_orientation=&#8220;center&#8220; use_border_color=&#8220;off&#8220; border_color=&#8220;#ffffff&#8220; border_style=&#8220;solid&#8220;]<\/p>\n<h1>Zirkuskunst und P\u00e4dagogik<\/h1>\n<p>[\/et_pb_text][et_pb_text admin_label=&#8220;Text&#8220; background_layout=&#8220;light&#8220; text_orientation=&#8220;center&#8220; use_border_color=&#8220;off&#8220; border_color=&#8220;#ffffff&#8220; border_style=&#8220;solid&#8220;]<\/p>\n<p style=\"text-align: center;\">Mit Zirkuskunst und P\u00e4dagogik kann ich ungezwungen und ohne die P\u00e4dagogik in den Mittelpunkt zu ru\u0308cken,<br \/>\nLernziele spielerisch erreichen. Die Kombination erm\u00f6glicht jedem Kind auf seine Art und Weise<br \/>\nseine St\u00e4rken und Talente neu zu entdecken und neues Selbstvertrauen und Motivation aus sich selbst zu sch\u00f6pfen.<\/p>\n<p>[\/et_pb_text][et_pb_image admin_label=&#8220;Bild&#8220; show_in_lightbox=&#8220;off&#8220; url_new_window=&#8220;off&#8220; use_overlay=&#8220;off&#8220; animation=&#8220;off&#8220; sticky=&#8220;off&#8220; align=&#8220;left&#8220; force_fullwidth=&#8220;off&#8220; always_center_on_mobile=&#8220;on&#8220; use_border_color=&#8220;off&#8220; border_color=&#8220;#ffffff&#8220; border_style=&#8220;solid&#8220; src=&#8220;https:\/\/zirkus-paedagogin.de\/wp-content\/uploads\/2017\/03\/zirkuskunst_paedagogik.jpg&#8220; \/][et_pb_text admin_label=&#8220;Mit Spa\u00df erleben&#8220; background_layout=&#8220;light&#8220; text_orientation=&#8220;center&#8220; use_border_color=&#8220;off&#8220; border_color=&#8220;#ffffff&#8220; border_style=&#8220;solid&#8220;]<\/p>\n<h1>Mit Spa\u00df erleben<\/h1>\n<p>[\/et_pb_text][et_pb_text admin_label=&#8220;Text&#8220; background_layout=&#8220;light&#8220; text_orientation=&#8220;center&#8220; use_border_color=&#8220;off&#8220; border_color=&#8220;#ffffff&#8220; border_style=&#8220;solid&#8220;]<\/p>\n<p style=\"text-align: center;\">Die Lust an Spiel, Bewegung und Kreativit\u00e4t steht bei mir im Mittelpunkt.<br \/>\nSpannende Herausforderungen werden verknu\u0308pft mit dem Motivationsfaktor Spa\u00df.<br \/>\nIn meinen Projekten werden motorische F\u00e4higkeiten in vielf\u00e4ltiger Weise gef\u00f6rdert.<br \/>\nEs werden aber auch Selbstvertrauen gest\u00e4rkt und Teamgeist erlebt.<br \/>\nSowohl das Training als auch die Auffu\u0308hrung sind eine Gemeinschaftsarbeit.<br \/>\nJeder muss sich w\u00e4hrend der Kunststu\u0308cke auf den anderen verlassen k\u00f6nnen und selbst verl\u00e4sslich sein.<br \/>\nMein Konzept hilft, ein gutes Gruppenklima zu schaffen und motiviert,<br \/>\ndie St\u00e4rken in sich und den Anderen zu entdecken.<br \/>\nMeine Zirkusprojekte sehe ich als einen wichtigen Teil der Lebensschule an.<br \/>\nDie gemachten Erfahrungen lassen sich wunderbar auf andere Lebenssituationen<br \/>\nu\u0308bertragen. Dazu geh\u00f6ren das Entdecken neuer Talente<br \/>\nund das Erlangen von Mut und Selbstsicherheit.<br \/>\nDas Spiel kann beginnen!<\/p>\n<p>[\/et_pb_text][\/et_pb_column][\/et_pb_row][\/et_pb_section][et_pb_section bb_built=&#8220;1&#8243; admin_label=&#8220;Sektion&#8220; fullwidth=&#8220;off&#8220; specialty=&#8220;off&#8220; transparent_background=&#8220;off&#8220; allow_player_pause=&#8220;off&#8220; inner_shadow=&#8220;off&#8220; parallax=&#8220;off&#8220; parallax_method=&#8220;on&#8220; custom_padding=&#8220;0px||0px|&#8220; make_fullwidth=&#8220;off&#8220; use_custom_width=&#8220;off&#8220; width_unit=&#8220;on&#8220; make_equal=&#8220;off&#8220; use_custom_gutter=&#8220;off&#8220;][et_pb_row admin_label=&#8220;Zeile&#8220;][et_pb_column type=&#8220;4_4&#8243;][et_pb_image admin_label=&#8220;Einrad&#8220; src=&#8220;https:\/\/zirkus-paedagogin.de\/wp-content\/uploads\/2017\/03\/Einrad.jpg&#8220; show_in_lightbox=&#8220;off&#8220; url_new_window=&#8220;off&#8220; use_overlay=&#8220;off&#8220; animation=&#8220;off&#8220; sticky=&#8220;on&#8220; align=&#8220;center&#8220; force_fullwidth=&#8220;off&#8220; always_center_on_mobile=&#8220;on&#8220; use_border_color=&#8220;off&#8220; border_color=&#8220;#ffffff&#8220; border_style=&#8220;solid&#8220; \/][\/et_pb_column][\/et_pb_row][\/et_pb_section]<\/p>\n","protected":false},"excerpt":{"rendered":"<p>Konzept Zirkuskunst und P\u00e4dagogik Mit Zirkuskunst und P\u00e4dagogik kann ich ungezwungen und ohne die P\u00e4dagogik in den Mittelpunkt zu ru\u0308cken, Lernziele spielerisch erreichen. Die Kombination erm\u00f6glicht jedem Kind auf seine Art und Weise seine St\u00e4rken und Talente neu zu entdecken und neues Selbstvertrauen und Motivation aus sich selbst zu sch\u00f6pfen. Mit Spa\u00df erleben Die Lust [&hellip;]<\/p>\n","protected":false},"author":1,"featured_media":0,"parent":0,"menu_order":0,"comment_status":"closed","ping_status":"closed","template":"","meta":{"_et_pb_use_builder":"on","_et_pb_old_content":"","_et_gb_content_width":"","footnotes":""},"class_list":["post-75","page","type-page","status-publish","hentry"],"_links":{"self":[{"href":"https:\/\/www.zirkus-paedagogin.de\/index.php?rest_route=\/wp\/v2\/pages\/75","targetHints":{"allow":["GET"]}}],"collection":[{"href":"https:\/\/www.zirkus-paedagogin.de\/index.php?rest_route=\/wp\/v2\/pages"}],"about":[{"href":"https:\/\/www.zirkus-paedagogin.de\/index.php?rest_route=\/wp\/v2\/types\/page"}],"author":[{"embeddable":true,"href":"https:\/\/www.zirkus-paedagogin.de\/index.php?rest_route=\/wp\/v2\/users\/1"}],"replies":[{"embeddable":true,"href":"https:\/\/www.zirkus-paedagogin.de\/index.php?rest_route=%2Fwp%2Fv2%2Fcomments&post=75"}],"version-history":[{"count":17,"href":"https:\/\/www.zirkus-paedagogin.de\/index.php?rest_route=\/wp\/v2\/pages\/75\/revisions"}],"predecessor-version":[{"id":406,"href":"https:\/\/www.zirkus-paedagogin.de\/index.php?rest_route=\/wp\/v2\/pages\/75\/revisions\/406"}],"wp:attachment":[{"href":"https:\/\/www.zirkus-paedagogin.de\/index.php?rest_route=%2Fwp%2Fv2%2Fmedia&parent=75"}],"curies":[{"name":"wp","href":"https:\/\/api.w.org\/{rel}","templated":true}]}}